 500. What is the tens digit of l?
9
Let n = -1538 - -2712. What is the tens digit of n?
7
Let w = 1 + 3. Suppose -2*v = -w*v + 28. Let h = 51 - v. What is the tens digit of h?
3
Let p(c) = c**3 + 8*c**2 - 10*c - 4. Let a be p(-9). Suppose 2*v - 2 = 0, -2*v = -a*y - 127 - 25. What is the units digit of ((-2)/4 - 0)*y?
5
Suppose -4*g - u + 6*u + 11 = 0, -3*u + 23 = 5*g. Suppose 9*l = g*l + 285. What is the units digit of l?
7
Let o(r) = -2*r - 6 + 6. Let u be o(-6). Let s = u - 4. What is the units digit of s?
8
Let y = -1481 + 3086. What is the thousands digit of y?
1
Let i(h) = 3*h**3 - 6*h**2 + 9*h + 5. Let g be i(6). Suppose -g = -2*f - 187. What is the units digit of f?
2
Suppose -4*v - n = -0*v - 887, 0 = 5*v - 5*n - 1115. What is the units digit of v?
2
Let q = 8 + 3. Let s = q + -6. Suppose s*n + h = 4 + 33, -n + 17 = -3*h. What is the units digit of n?
8
Let u = -25 - -28. Suppose 0*o + 189 = 4*f + o, u*o - 199 = -4*f. What is the tens digit of f?
4
Let s = -48 + 55. Suppose 460 + 345 = s*r. What is the units digit of r?
5
Let c(z) = -z**3 + 6*z**2 + 6*z + 7. Let t be c(7). Suppose -3*s = -t - 12. Suppose -3*r - 138 + 15 = -3*x, 3*r = -s*x + 192. What is the tens digit of x?
4
Suppose 3*a + 3*s + 2*s = 95, -s + 103 = 3*a. What is the tens digit of 0 - ((-14)/a + (-3729)/15)?
4
Let h be (-1 - (-59)/3)*(9 - 3). Suppose 3*a - h = -19. What is the tens digit of a?
3
Let k(s) = s - 4. Let n be k(6). Let w be (-6)/3 + 2 + n. Suppose 0 = 2*g - 10, 2*c - w*g = -3*g + 67. What is the units digit of c?
1
Let b(l) = 3*l - 15. Let n be b(7). Suppose 0 = -n*c + 322 + 128. What is the tens digit of c?
7
Let t(p) be the first derivative of -p**4/4 - 5*p**3 - 8*p**2 - 4*p - 7. What is the tens digit of t(-14)?
2
Suppose 499*r + 22970 = 509*r. What is the hundreds digit of r?
2
Let s(c) = -c**3 - c**2 + 7*c + 6. Let l = 3 - 7. What is the tens digit of s(l)?
2
Suppose -3*y = -2 - 118. Let v = 49 + y. Let i = v + -49. What is the units digit of i?
0
Let i = 4002 - 845. What is the tens digit of i?
5
Let h(y) = 2*y**2 + y - 10. Let o be h(7). Suppose w - 5*j = o + 34, -4*w = -3*j - 431. What is the units digit of w?
4
Suppose 0 = -k + 2*w + 2, -3*k - 2*w + 6 = -5*w. Suppose 2*q = -r, k*q + 3*r + 0 = 4. Let j = q - -19. What is the units digit of j?
8
Let w be (-2 + 8)*(-1)/(-2). Let k be (w/1 - 3) + 4. Let f = 9 + k. What is the units digit of f?
3
Let a = 671 - 388. Let d = a - 125. What is the hundreds digit of d?
1
Let g(z) = 128*z + 20. Let m be g(2). Let j = m + -51. What is the hundreds digit of j?
2
Let x(r) = 94*r + 81. What is the tens digit of x(7)?
3
What is the hundreds digit of (-6941)/(-5) + 10/(-50)?
3
Let z be -1 - -1 - (-360)/(6/2). Let b = -91 + z. What is the units digit of b?
9
Let o = -137 + 71. What is the tens digit of (12/(-9))/(1/o)?
8
Suppose 0 = -5*f + o + 1, -4*o + 2 - 6 = 2*f. What is the tens digit of 10/15 + 2019/9 + f?
2
Suppose -5*z + z + 44 = 0. Let t be 6/24 - z/(-4). Suppose t = x - 10. What is the tens digit of x?
1
Let r = 64 + -128. What is the units digit of 48/r*992/(-15)*5?
8
Let c = 3178 - 1968. What is the units digit of c?
0
Let l = 263 - 178. What is the units digit of l?
5
Suppose -3*y = 2*u - 26, y = -2*y. Let l = 21 - 7. Let b = l - u. What is the units digit of b?
1
Suppose -4*q = q. Suppose 5*p + r - 133 = 0, q = -4*p + 3*r + 84 + 11. What is the units digit of p?
6
Let w = -1320 - -1909. What is the units digit of w?
9
Let x(j) = j**3 + 3*j**2 - 3. Let n be x(-3). What is the tens digit of 402/18 + n/9?
2
Let k(l) = 18*l + 1. Let m be (2 - (-2)/2) + -6. Let g be k(m). Let t = 103 + g. What is the tens digit of t?
5
Let b(u) = -u**2 + u + 12. Let f be b(5). Let c(h) = h**2 + 7*h + 7. Let w(z) = -z - 1. Let a(k) = -c(k) + 3*w(k). What is the units digit of a(f)?
6
Let h = 1184 - 632. Suppose -8*v + 4*v = -h. What is the hundreds digit of v?
1
Suppose -2726 = -8*t + 4434. What is the units digit of t?
5
Suppose -3344 = 167*q - 169*q. What is the tens digit of q?
7
Let l(g) = -g**2 + 7*g. Let u be l(6). Suppose 5*m - 3*v - 47 = -13, -2*v = u. Suppose 40 = 7*w - m*w. What is the units digit of w?
0
Suppose -65 = -3*u + 2*c, -c - 16 = 3*c. Suppose 0 = y + 4*t + u, 0 = -2*t - 6 - 0. Let g = y - -25. What is the units digit of g?
8
Let s = 2 + 0. Suppose -s*o = -o - 36. Suppose -2*j - 4 = -o. What is the tens digit of j?
1
What is the tens digit of (-53438)/(-20) - 8/(-80)?
7
Let k = 757 + -482. What is the hundreds digit of k?
2
Suppose -5*n = 3*n - 2680. What is the hundreds digit of n?
3
What is the units digit of 8480/56*49/14?
0
Let f(u) = 361*u + 55. What is the tens digit of f(2)?
7
Let f = -18 + 10. Let i(z) = z**3 + 8*z**2 - 3*z - 16. What is the units digit of i(f)?
8
Let a = -4 + 13. Suppose d - 28 = -a. Let h = 41 - d. What is the units digit of h?
2
What is the tens digit of 11914/12 - (-660)/(-792)?
9
Let w(h) = h**2 + 9*h + 8. Let x be w(-8). Suppose x = -5*r - f + 325, 2*f - 15 = -f. What is the units digit of r?
4
What is the thousands digit of (-25)/100 - (-8546)/8?
1
Let a(q) = 96*q - 53. What is the units digit of a(4)?
1
Suppose 2*k - 17 - 55 = 0. Let l = -2 + k. What is the units digit of l?
4
Suppose z + 3*w - 6 = 0, 0*z = 2*z + 3*w - 6. Let l be 8 + z + 24/(-8). Suppose 3*p + 4*r - 8*r - 30 = 0, -l*p = 3*r - 79. What is the tens digit of p?
1
Suppose 4*z = 2 - 6, 0 = q - 3*z - 5. Suppose q*d - 37 = 259. What is the hundreds digit of d?
1
Let g = -2 + 9. Suppose g*p - 165 = 4*p. What is the units digit of p?
5
Suppose 5*a = 3*a, -4*a = 5*c - 10955. What is the thousands digit of c?
2
Let m = -26 + 33. Suppose 44 = m*b - 26. What is the units digit of b?
0
Suppose -27*j + 24*j + 1431 = 0. What is the tens digit of j?
7
Let d(h) = -h**2 + 7*h - 1. Let g be d(5). Let n(p) = -p**2 + 10*p - 8. Let w be n(g). What is the units digit of (30/9)/(w/6)?
0
Suppose -y + l = -615, 1235 = 2*y + 41*l - 44*l. What is the units digit of y?
0
Suppose 3*t + 235 = -2*j + 1837, 4*t - 2131 = -j. Let g = -372 + t. What is the hundreds digit of g?
1
Suppose -5*n + n = 20, n = -3*s + 10. Suppose b = o - s - 17, -4*b = o - 17. What is the units digit of o?
1
Let q be (-14)/(-77) + 2502/33. Suppose 7*l = 587 - q. What is the units digit of l?
3
Let n(y) = y**3 - 9*y**2 - 7*y + 3. Let h(a) = 7*a - 18. Let t be h(4). What is the tens digit of n(t)?
3
Suppose 8*c - 4*c = 384. Let f = -94 + c. What is the units digit of f?
2
Let d be (0 - 2)*(-142)/4. Suppose -12*z = -92 + 248. Let x = z + d. What is the units digit of x?
8
What is the thousands digit of 91710/(-30)*2/(-2)?
3
Let h = 7000 - 4064. What is the units digit of h?
6
Let r be -4*144/20*80/(-12). Let o = r + -109. What is the units digit of o?
3
Let t(l) = l**3 + 6*l**2 + 3*l + 6. Let j be t(-5). Suppose 0 = -5*p, -q - 3*q + p = j. What is the units digit of -1 - (q + (3 - 4))?
4
Let m = 178 - -1729. What is the thousands digit of m?
1
What is the units digit of (5146/124)/((-1)/(-20))?
0
Suppose -2*m + 5*m - 165 = 0. Let i be (-4)/((-20)/5)*-13. Let t = i + m. What is the units digit of t?
2
Let a = 3 + 6. Let x(d) = d - 1. Let b be x(6). Suppose 71 + a = b*l. What is the tens digit of l?
1
Let r be 18 + -21 + (58 - 0). Suppose 4*t - p = 64, 2*t + t = -p + r. What is the units digit of t?
7
Let a(x) = 2*x**3 + 19*x**2 + 5*x - 42. What is the units digit of a(-7)?
8
Let j(x) = 122*x**2 - 39*x - 15. What is the hundreds digit of j(4)?
7
Suppose -41 = -4*y + 99. Let t = y + -72. Let z = t + 60. What is the units digit of z?
3
Let k be 70/4*84/49. Let c be 266/k - 22/(-165). Suppose 7*i - c = 19. What is the units digit of i?
4
Let d = 729 - 337. What is the tens digit of d?
9
Let w = 13 + -6. Let d(m) = -23*m + 20*m + 12*m - 14. What is the units digit of d(w)?
9
Let n(u) = u**2 - 3*u. Suppose -3*a - 1 = -13. Let t be n(a). Suppose -4*o = -t, -o - 4*o + 101 = 4*s. What is the tens digit of s?
2
Let s = 588 + -334. What is the units digit of s?
4
Suppose 0 = -14*s + 15*s - 546. What is the tens digit of s?
4
Suppose -2*i + 1901 = -m, -123*i + 4*m = -121*i - 1898. What is the tens digit of i?
5
Let p = 740 + 343. What is the thousands digit of p?
1
Suppose -5*l = -0*i - 2*i + 20, -2 = l. Suppose -i*z - 3*m + 136 = 0, 4*z + 2*m - 122 = -14. What is the tens d